e units digit of p*(-1)/(6/(-15))?
0
Let n be (-1)/(1/(-2)) - -3. Suppose 4*w + 37 = -d - 16, -n*w + 5*d - 60 = 0. What is the units digit of 3/6*(-1 - w)?
6
Suppose -3*d + 0*w = -3*w - 96, 100 = 3*d + w. What is the units digit of d?
3
Suppose u - q - 3*q - 28 = 0, -5*u + 5*q = -65. What is the units digit of u?
8
Let c = -44 + 117. Suppose -4*o - 5*u = -c, -2*o + 4*u + 23 = -7. What is the units digit of o?
7
Let y(i) = -i**2 + 6*i + 1. Let p = -13 + 18. Let c be y(p). Let k = 13 - c. What is the units digit of k?
7
Let g(j) = -10*j**3 - 2*j**2 + 2*j + 2. Let u be g(-2). Suppose u - 1 = 3*v. What is the units digit of v?
3
Let l be 35/42*2*3. Let n = 26 - l. What is the tens digit of n?
2
Let b = 24 - -9. What is the units digit of b?
3
Let z(y) = -y**3 - 4*y**2 + 2*y + 4. Let r be z(-4). Let d = r + 9. Suppose -3 + 13 = d*a. What is the units digit of a?
2
Let g = -5 - -10. Suppose -g*a + 6 = -3*a. Suppose 9 = a*n - 3. What is the units digit of n?
4
Suppose 0 = -2*k + 3*k - 5*i - 19, -2*k + 60 = i. What is the units digit of k?
9
Let h(c) = 2*c**3 + 16*c**2 + 10*c + 5. What is the tens digit of h(-7)?
3
Let p(x) = -38*x + 5. What is the tens digit of p(-6)?
3
Let u(m) = 14*m - 5. Let l(s) = -141*s + 51. Let n(k) = -2*l(k) - 21*u(k). What is the tens digit of n(-2)?
2
Suppose -3*p + 20 = p. What is the units digit of p?
5
Let d(p) = p**2 + 9*p + 25. What is the units digit of d(-12)?
1
Suppose 2*k = 6*k - 16. Suppose 3*q = -21 + 54. Suppose 3*s - q = k. What is the units digit of s?
5
Let m = 146 + -76. Let j = 108 - m. What is the tens digit of j?
3
Let v = 26 + -12. What is the units digit of v/4 - 8/(-16)?
4
Suppose 0*l + 81 = 3*l. Suppose 0 = 5*k - l - 48. What is the tens digit of k?
1
Suppose 2*v - 2*b - 81 = 3*b, -45 = -v + b. What is the tens digit of v?
4
Suppose 3*x + 64 = x. What is the units digit of (x/10)/(3/(-15))?
6
What is the tens digit of (-1)/(5/(-375)) - 1?
7
Let t(c) be the first derivative of 9*c**2/2 - c + 1. Let i be 8/12 - 4/(-12). What is the units digit of t(i)?
8
Suppose -6*q + 1023 = 99. What is the tens digit of q?
5
Let q = 0 + 3. Suppose -5*z = -2*b + 57, -z + 72 + 39 = q*b. Suppose -4*m - 8 = -b. What is the units digit of m?
7
Let g(h) = h**3 + 6*h**2 + 5*h + 4. Let k be g(-3). What is the units digit of (k/10)/((-8)/(-20))?
4
What is the units digit of 20/(-2)*(-5)/1?
0
Suppose 0 = b - 3*n - 18, -b + 8 = -0*b - n. Suppose b*h - 1 = 5. What is the units digit of h?
2
Let g(b) = -b**2 + 7*b - 4. Let k be g(6). Suppose -k*i = 4, -4*v + i + 6 = -16. What is the units digit of v?
5
Suppose 0*i = -2*i + 10. Suppose -34 - 26 = -5*y. Suppose 33 + y = i*t. What is the units digit of t?
9
Let q(n) = 2*n**3 + 9*n**2 - 9*n + 5. What is the tens digit of q(-5)?
2
Let d be (-2)/4*(-24)/4. Suppose -19 = -5*g - h, 0 + 3 = -3*g + d*h. Suppose 8*b - g*b = 15. What is the units digit of b?
3
Let w be (12 - 4)*1/(-2). Let r(b) = -b**2 - 5*b. What is the units digit of r(w)?
4
Let o(q) = 2*q - 7 - 3*q + 4 - q. What is the units digit of o(-3)?
3
Let m = 1 + 52. What is the tens digit of m?
5
Suppose 3*w + w = j + 224, 4*j + 291 = 5*w. What is the units digit of w?
5
Let c = 12 + 6. Suppose 0 = -5*z - c + 68. What is the units digit of z?
0
Suppose 4*r = 3*r + 3. Suppose -s - 10 = -r*s. What is the units digit of ((-8)/s)/((-2)/10)?
8
What is the hundreds digit of ((-8)/20 + 916/15)*3?
1
Suppose -63 + 198 = 5*d. What is the units digit of d?
7
Let p = 75 + -50. Suppose p = 6*l - l. Suppose l*a = 3*a + 2. What is the units digit of a?
1
Suppose 3*b - 2 = r, 5*b - 53 = -3*r + 11. What is the units digit of r?
3
Suppose -3*c + 9 = 0, 0*p + 105 = 3*p - 2*c. What is the units digit of p?
7
Let z(k) = -k**3 - 15*k**2 - 5*k + 30. What is the units digit of z(-15)?
5
Suppose 17 - 5 = 3*n. Let z = n + -4. Suppose 2 = 2*u - z. What is the units digit of u?
1
Suppose 0*n - 4*n = 64. Suppose 5 = 4*r + 29. Let y = r - n. What is the tens digit of y?
1
Let u(a) = -8*a - 8. What is the units digit of u(-5)?
2
Suppose 0 = 9*a - 556 - 2. What is the tens digit of a?
6
What is the hundreds digit of (-12)/18*(177/(-1) - 0)?
1
Let c be 43 - -1 - 12/4. Let y = c - 9. What is the tens digit of y?
3
Suppose 2*s - 21 - 3 = -4*m, 5*s - 42 = -4*m. What is the tens digit of (60/14)/(s/28)?
2
Let t(m) = -m - 6. Let j(o) = -1. Let g(u) = 5*j(u) - t(u). Let z be g(7). Suppose 4*y = 16, 4*k - y - 3*y = z. What is the units digit of k?
6
Suppose 0 = -3*a + a + 4*n - 130, 5*a = -3*n - 390. What is the tens digit of (a + -3)/(3/(-2))?
5
Let w(t) = 21*t + 71. What is the units digit of w(6)?
7
Let o(a) = -a**3 - a**2 - a + 5. Let k be o(0). Let l(p) = 3*p**2 - 2*p - 1. Let r be l(-1). Suppose -r*w = -k*w + 10. What is the tens digit of w?
1
Suppose -5*p + 64 = -6. What is the units digit of 7/p + (-15)/(-2)?
8
Let t(z) = -6*z - 2. Let i be t(-4). Let g = i - 36. What is the units digit of 4/g - 44/(-7)?
6
Suppose -8*l + 957 = 3*l. What is the tens digit of l?
8
What is the units digit of (-36)/48 - (-439)/4?
9
Suppose 0 = 4*p + 34 + 30. Let s = 25 + p. What is the units digit of s?
9
Let d(k) = -k + 9. Let f be d(7). Suppose -8 = -f*b, z - 7 = 4*b - 24. What is the tens digit of ((-20)/6)/(z/3)?
1
Let r be (-2)/7 - (-6)/21. Let i be (-6)/10 - (-215)/25. Suppose r = m - 0*m - i. What is the units digit of m?
8
Suppose 4 - 10 = -r. What is the tens digit of (-246)/(-9) - r/(-9)?
2
Let u = 13 - 19. What is the units digit of (u/5)/(27/(-90))?
4
Suppose -2*j - 4*i = -0*j - 112, 3*j - 5*i - 157 = 0. Suppose -3*d + 0*d = -j. What is the units digit of d?
8
Suppose 210 = 4*o + 62. Let m = o + -14. What is the tens digit of m?
2
Let r(y) = -252*y - 9. What is the hundreds digit of r(-1)?
2
Let n(i) = -21*i**3. Let m be n(-1). Suppose -2*k + 6*k - m = -s, -5*s + 17 = -2*k. Suppose 3*y - 2*j + k = 11, 8 = 2*j. What is the units digit of y?
5
Suppose 3*h - 3*w - 35 = 2*w, -5*h + 2*w + 90 = 0. Let r be 56/h - (-2)/10. Let j = r + -2. What is the units digit of j?
1
Let c = 11 + -5. Suppose c*n - n = 155. Let q = 45 - n. What is the units digit of q?
4
Let r(q) = q**3 - 3*q**2 - 3*q + 4. What is the units digit of r(4)?
8
Suppose 5*t - 3 - 7 = 0. Suppose 103 = t*u - 3*g, -5*g + 2*g - 253 = -5*u. Suppose 2*o = 7*o - u. What is the tens digit of o?
1
Let m = -4 - -21. Suppose 3*w = -3 - 12, -t - 2*w - 22 = 0. Let k = m + t. What is the units digit of k?
5
Let a(d) = -d**3 - 5*d**2 - d - 5. Let t be a(-5). Suppose t = z - 1 - 14. What is the units digit of z?
5
Suppose 4*w - 73 = 3*r, -r + 5*r + 72 = 4*w. What is the units digit of w?
9
Suppose -4*c - 8 = -2*m, -5*m = -0*c - 5*c - 5. What is the units digit of (m + (-7)/(-3))*12?
4
Let f(k) = k**3 + 4*k**2 - 4*k + 7. Let w be f(-5). What is the tens digit of 3 - w - 1*-20?
2
Suppose -2*q = 6 + 6. What is the units digit of (q/5)/(1/(-5))?
6
Suppose 1200 = 10*b - 2*b. What is the units digit of b?
0
Suppose 3 = -d, d = 5*z - 2*d - 34. Suppose -14 + 134 = z*w. What is the tens digit of w?
2
Suppose -12*o + 1006 = 334. What is the units digit of o?
6
Suppose -87 = -5*k - 22. Let c = 23 - k. What is the tens digit of c?
1
Suppose 14*u - 4*u - 650 = 0. What is the tens digit of u?
6
Suppose 0 = -b + 3*x - 0*x + 16, -2*b - 5*x = 12. Suppose u + b*z = 6, u - z + 3*z - 2 = 0. Let a = 5 + u. What is the units digit of a?
3
Suppose -4*o = x - 5*x, 5*o = -3*x + 16. Let g(j) = -1 + 2*j + 2*j**2 + 3*j**2 - 2*j**x. What is the units digit of g(1)?
4
Suppose -2*y = -7 - 7. Let m = y - 11. What is the units digit of 30/m*4/(-6)?
5
Suppose -2*m + 5*l + 1 = 4, 3*m + 15 = 4*l. What is the units digit of (-24)/m - 4/6?
2
Suppose 6 = -3*b + 15. Suppose 3*v - 4*v + 1 = -2*d, b*d + 9 = 3*v. What is the units digit of v?
5
Suppose 0 = u + 3*g + 4, -4*g = -5*u + 5 + 13. Let i = 2 - 50. What is the units digit of u/(-6) + i/(-9)?
5
Suppose -2*f = -k + 2, -3*k + f = -13 + 2. Let d be (k/10)/((-2)/10). What is the units digit of (d/2)/((-1)/2)?
2
Suppose -4*j + 6 = -18. Let k(b) = -3*b + 5*b - 6 - 1. What is the units digit of k(j)?
5
Suppose 2*g + 8 + 5 = y, 5*g + 5*y = 5. Let k(o) = -o**2 + 6*o + 1. Let m be k(3). Let i = m + g. What is the units digit of i?
6
Let d(a) = a - 1. Let n(w) = -w + 3. Let l(u) = u + 1. Let k(x) = 2*l(x) - n(x). Let y b